**2 + 2*u - 1. Let g(z) = 6*z**2 + 37*z + 7. Let w(j) = -j**3 + 19*j**2 - 17*j - 24. Let m be w(18). Let y be g(m). Give n(y).
-14
Suppose -5*p = -15*p - 150. Suppose -115 = 5*b + 4*k, -4*k - 39 + 114 = -5*b. Let r = b - p. Let a(v) = -3*v + 1. Give a(r).
13
Let x(a) = -5*a + 64. Let t(l) = 20*l - 250. Let f(p) = 3*t(p) + 11*x(p). Determine f(14).
24
Suppose 4*v = 6 + 18. Let k(p) = -2 - 5 + 6 + p + 3*p + 2*p**2. Let d(g) = -3*g**2 - 3*g + 1. Let x(y) = 3*d(y) + 4*k(y). Calculate x(v).
5
Let k(i) = 3055542*i + 3055545*i + 2 + i**3 + 5*i**2 - 6111082*i. Let n = 4 + -8. Calculate k(n).
-2
Let b(q) = -11*q - 17. Let u be b(-10). Let j(l) = 4 + u*l - 9 - 95*l - 15. What is j(-14)?
8
Let w(m) = -3*m - 29. Let a(k) = k**3 + 24*k**2 + 146*k + 24. Let r be a(-11). What is w(r)?
-2
Let r be 3*((-25)/4 + 6)*-4. Let s(j) = r*j + 6*j**2 + 49 - 5*j - 15 - 20 - 12. Determine s(2).
22
Let z(y) = 19*y + 108*y**2 - 10 - 3 - 21*y**2 - 43*y**2 - 40*y**2. Let t(f) = -2*f**2 - 9*f + 6. Let x = -18 - -31. Let i(k) = x*t(k) + 6*z(k). Determine i(-3).
-9
Let l(g) = -3*g**2 - 27562 + 27552 - 18*g + 0*g**2. Determine l(-5).
5
Let n(d) = -d**2 + 7. Let z(m) = 4*m - 42. Let s be z(11). Suppose -6 = -s*x + u, -u = -5*x + 2*u + 13. Suppose 2*h - 4 = 4*q, 4 + 1 = 3*h - x*q. Give n(h).
7
Suppose 95 = 4*b + 28*p - 23*p, 2*b + 3*p - 43 = 0. Let i(c) be the third derivative of 0*c - b*c**2 + 1/12*c**4 - 1/60*c**5 + 0 + 0*c**3. Determine i(2).
0
Let x(b) = 3*b**2 + 6*b - 14. Let k(s) = 76*s + 534. Let y be k(-7). What is x(y)?
10
Let y(w) = 7*w + 40. Let v(t) = -44*t - 266. Let a(q) = -6*v(q) - 39*y(q). Calculate a(14).
-90
Suppose b - 170 + 178 = 2*i, -b = 5*i - 6. Let d(m) = 2. Let z(q) = q**2 - 1. Let o(r) = d(r) + 3*z(r). What is o(i)?
11
Let i(a) be the third derivative of -7*a**5/60 - a**4/12 + a**3/3 + 958*a**2. Give i(1).
-7
Let r(u) be the second derivative of -u**5/20 + 3*u**4/4 - 4*u**3/3 + 2*u**2 + u - 23765. Let p be (-2 + 2 - -9) + -1. Give r(p).
4
Let p = 282 - 273. Let o(s) = s**3 - 8*s**2 - 8*s + 2. Determine o(p).
11
Let p(w) = -w**3 - w**2 - 1. Suppose -4*x + 12 = -4*h, -x + 403 = -3*h + 400. Calculate p(h).
-1
Suppose 15 = 291*i - 276*i. Let b(h) be the second derivative of -h**4/2 + h**2 - h. Let m(j) be the first derivative of b(j). Calculate m(i).
-12
Let v(k) = -5 + 6*k + k**2 + 0*k - 10*k. Let a(l) = -2*l**2 - 19*l - 12. Let u be a(-4). Suppose -30*y = -u*y + 8. Determine v(y).
-5
Let u = -32756 - -32762. Let t(a) = -2*a**3 - 7*a**2 - 5*a + 4. Let y(h) = -3*h**3 - 8*h**2 - 4*h + 3. Let q(i) = 4*t(i) - 3*y(i). Give q(u).
31
Suppose -23*x = -21*x - 6. Let a(z) = x + 34*z - z**2 - 32*z + 2*z**2. Determine a(-3).
6
Let d(q) = 20 + 239*q - 86*q - 90*q + q**2 - 84*q. What is d(10)?
-90
Let i(u) = -9*u + 2. Let a(d) = -4*d + 1. Let m be 301/(-63) + (-4)/18. Let c(k) = m*a(k) + 3*i(k). Give c(-3).
22
Let w(z) be the second derivative of -z**4/24 + z**2 - 2*z. Let p(v) be the first derivative of w(v). Let i be ((-350)/(-140))/((-2)/8) - -8. What is p(i)?
2
Let w(l) be the first derivative of -2*l**3/3 - 5*l**2/2 - 16*l - 7592. Calculate w(-3).
-19
Let p(g) = 2*g - 7. Let q(o) = 17*o - 68. Let k(i) = 18*p(i) - 2*q(i). What is k(2)?
14
Suppose 48*d + 351 = 21*d. Let h(f) = -f**2 - 11*f - 36. What is h(d)?
-62
Let q(v) = -41*v + 75. Suppose -3*f - 85 = 4*j - 120, -3*j - f + 15 = 0. Calculate q(j).
-7
Let o(m) = -6*m - 55. Let i be o(-10). Let w(d) = 48 + d + d - 45. What is w(i)?
13
Let l(f) be the third derivative of f**4/12 - 7*f**3/6 + 2*f**2 - 174*f + 12. Suppose 4*k + 10 = 4*t + 2, 5*t - 2*k - 13 = 0. Calculate l(t).
-1
Let k(z) be the second derivative of z**5/20 - z**4/6 + z**3/3 - 7*z**2/2 + 18*z - 18. What is k(3)?
8
Let g(c) = 7*c**2 + 49*c + 12. Let t be g(-5). Let k be 3*(-7 + t/(-6)). Let x(s) be the second derivative of s**4/12 - 3*s**3/2 - s. Calculate x(k).
-8
Let z(m) = -2*m**2 - 28*m - 3. Suppose 634 - 312 = -23*x. Give z(x).
-3
Let x(a) = a**3 + 23*a**2 + 82*a + 17. Let l be x(-19). Let f = l - -103. Let j(m) = -m**3 + 5*m**2 + 7*m - 7. Give j(f).
-1
Suppose 0 = -33*y + 28*y + 20. Let z(w) be the second derivative of -2*w**3/3 + 3*w**2 - 1010*w. Calculate z(y).
-10
Let y(g) = -3 - 58976*g + g**2 - 4 - 58973*g + 117942*g. Determine y(7).
-7
Let b(s) = 29 + 21 + 21 + 4*s - 66 + 11. Calculate b(16).
80
Let z(v) = v - 12. Let f(q) = 3. Let o(a) = -6*f(a) - z(a). Suppose 0 = 4*m, -6 = 2*u + 4*m + 6. Give o(u).
0
Suppose -85 = -2*s - 3*x, 2*x = -8 + 6. Let b(t) = -s*t + 56*t + t**2 + 18 - 3*t. Give b(-4).
-2
Let z(k) = k**3 - 6*k**2 + 8*k + 8. Let w be z(4). Let l(t) = -9*t - w*t + 4 - 12*t + 31*t. Calculate l(-3).
-2
Let l be 1/((9/(-72))/((-30)/24)). Let r(s) = 3*s - 24. Determine r(l).
6
Let i = 12375 + -12383. Let x(o) = o**2 - 5*o - 10. Determine x(i).
94
Suppose 5*j + 3*d + 4 = 0, 4 = -2*j - d + 2. Let o(p) = -6*p**2 - 2*p - 32. Let f(i) = -6*i**2 - 3*i - 39. Let b(x) = 5*f(x) - 6*o(x). Give b(j).
27
Let r = 95 + -93. Let m be (1 - 7)*(9/6 - r). Let g(z) = -4*z - 4 - 7*z**3 + 5*z**3 + 3*z**m - 5*z**2 + 0*z. Give g(6).
8
Let m(n) = n**2 + 11*n - 12. Suppose 0 = -529*z - 10018 + 3141. What is m(z)?
14
Let i(m) be the second derivative of -1/12*m**4 - 57*m + 7/2*m**2 - 4/3*m**3 + 0. Determine i(-7).
14
Let b(r) = 18*r**2 + 231*r + 2. Let h be 6*((-1859)/66 + 26). What is b(h)?
41
Let x = -1173346 + 1173341. Suppose r - o = -3*o + 6, -3*o = 5*r - 16. Let v(q) = 2*q + q**r + 0*q**2 + 4 - 10. Calculate v(x).
9
Let b(q) be the first derivative of -q**3/6 + 6*q**2 - q + 1. Let o(y) be the first derivative of b(y). Let l be (6 - 0)/((528/(-40) + 13)*-5). Give o(l).
6
Let a(l) = -1 - 2 - 13*l**2 - 2*l - 4 + 5 + 3. Let s(f) = 9 + 13*f + 16*f - 28*f. Let h be s(-8). Calculate a(h).
-14
Let z(u) = 3*u - 13. Let x be 2/(-8)*(24 + -24). Suppose -5*s + s + 24 = x. What is z(s)?
5
Let y(n) = -16 + 6*n**2 - n**3 + 3*n + 3 + 4*n + 7*n**2 - 2*n**2. Let h(x) = x**3 - 13*x**2 - 8*x + 16. Let r(j) = 5*h(j) + 6*y(j). What is r(0)?
2
Let a(f) = -f**3 + 7*f**2 + 3*f + 7. Let u(q) = -6*q**2 + 46*q + 23. Let p be u(8). Calculate a(p).
28
Let z(n) = -n**3 + 11*n**2 + 10*n + 26. Let v be z(12). Let d(i) = -21 + 53 - 23 + i**v - 7*i. What is d(6)?
3
Let w(d) = -13*d + 711. Let r be w(55). Let c(h) = -h**3 - 4*h**2 - 2*h - 13. Give c(r).
-5
Let y(w) = w**2 - 7*w + 8. Let b be (-1545)/(-30) + -1*2/4. Let j = b - 46. Let f be 56/20*j/2. Calculate y(f).
8
Suppose 82*o = 47*o. Let u(c) be the first derivative of o*c**3 + c**2 + c + 16 + 1/2*c**4. Give u(-1).
-3
Let b be (10 + 8)/6 - (2 + 1). Suppose 0*g - 4*g - 25 = o, g + 5*o + 30 = b. Let m(h) = -5*h + 3. Determine m(g).
28
Let r = -21934 - -21934. Let o(t) be the second derivative of 1/3*t**3 - 35*t - t**2 + r + 1/12*t**4. What is o(-4)?
6
Suppose 5*f - 7*f = -14. Suppose -21 = -f*j + 4*j. Let w(y) = -6*y - y + 4*y - j. What is w(-6)?
11
Let o be 13/(13/(-5)) + (6 - -4). Let n(i) = 23*i + 33. Give n(o).
148
Suppose 0 = -4*b - 4, -2*l - 2*b - 6 = -2. Let a(z) = 91*z - 16*z + 0 - 1 - 33*z. Determine a(l).
-43
Suppose -n - 4*n = -10. Suppose 7*q - n*q + 10 = 0. Let m(z) = -31*z - 34*z - 28*z + 2 + 95*z. Determine m(q).
-2
Let t(x) = 3*x**2 + 50*x - 27. Suppose a + 31*w - 26*w = -52, -2*a - 13 = -3*w. Give t(a).
-10
Let l(g) = -2*g**3 - g**2 - g. Let m(r) = -3*r**3 - 4*r**2 - 6*r - 2. Suppose -4*u = -20, w + u = -3*w - 3. Let p(z) = w*l(z) + m(z). Give p(4).
14
Let u(g) be the first derivative of g**3/3 - 25*g**2/2 - 80*g - 4759. Give u(28).
4
Let b(c) = c**3 - 19*c**2 + 19*c + 14. Suppose -3*q - 24 = -v, 0 = 2*v + 4*q + 21 - 49. Determine b(v).
32
Let r(n) be the first derivative of -2*n**2 + 13*n - 2074. Let w = 27 + -18. What is r(w)?
-23
Let n = -528 - -285. Let d = -231 - n. Let g(o) = -o**2 + 13*o + 1. Give g(d).
13
Let c be ((-152)/(-30))/((-140)/(-1050)). Let v(x) be the third derivative of 0 + 0*x + 1/24*x**4 + c*x**2 + 1/6*x**3. What is v(0)?
1
Let r(n) be the third derivative of -10*n**2 + 9*n + 1/60*n**5 + 0 - 1/3*n**3 + 1/6*n**4. Give r(-6).
10
Let x be (55 - 48)*(1 - 2). Let g be 9*x/((-35)/(-5)). Let l(p) = -p**2 - 5*p + 7. Give l(g).
-29
Let a(w) = -7*w - 1. Let l(d) = -1. Let t be (2/(-4))/((-17)/(-68)). Let b(h) = t*l(h) + a(h). Let q = 2 - 3. Give b(q).
8
Let z(y) = 17*y + 4. Let c(d) = -3*d - 1 + 10 - 2 - 8. 